3*w - 132. Give z(16).
-244
Let l(d) = 55*d - 31. Give l(4).
189
Let c(o) = -o**2 + 151*o - 5242. Calculate c(54).
-4
Let k(q) = -q**2 - 697*q + 4178. Calculate k(6).
-40
Let l(o) = -o**3 + 89*o**2 + 90*o + 4. Give l(90).
4
Let y(t) = -27*t + 56. What is y(-3)?
137
Let z(j) = -219*j - 883. What is z(-4)?
-7
Let z(g) = -177*g + 2298. Determine z(13).
-3
Let p(a) = 543*a + 2174. Give p(-4).
2
Let d(u) = -u**3 - 10*u**2 + 102*u + 62. Calculate d(-16).
-34
Let g(s) = -25*s**2 + 58*s + 5. Determine g(3).
-46
Let p(y) = y**3 - 36*y**2 - 37*y - 255. Give p(37).
-255
Let a(c) = 42*c**2 + 953*c - 953. Give a(1).
42
Let m(f) = -f**3 - 23*f**2 - 100*f - 28. Determine m(-18).
152
Let f(u) = 9*u**3 - 7*u**2 + 15*u + 7. What is f(3)?
232
Let j(k) = -9808*k - 49045. Determine j(-5).
-5
Let p(a) = -a**2 - 32*a - 200. Calculate p(-27).
-65
Let c(d) = 2*d**2 - 40*d - 131. Determine c(22).
-43
Let h(i) = -i**3 - 43*i**2 + 31*i - 596. Determine h(-44).
-24
Let d(h) = 115*h - 523. What is d(4)?
-63
Let s(y) = 80*y**2 - 3*y + 1. Determine s(-2).
327
Let o(z) = 3*z**3 + 224*z**2 - 107*z - 2373. What is o(-75)?
27
Let t(l) = -5*l + 246. What is t(40)?
46
Let c(y) = -4*y**3 + 10*y**2 - 4*y + 2. Give c(2).
2
Let z(w) = -189*w - 2267. Determine z(-12).
1
Let v(x) = -5*x**2 - 23*x + 57. What is v(-10)?
-213
Let z(i) = -886*i + 3529. Calculate z(4).
-15
Let s(t) = -200*t - 670. What is s(-3)?
-70
Let s(g) = -g**3 - 23*g**2 + g - 1302. Give s(-25).
-77
Let b(u) = -u**3 - 43*u**2 - 85*u - 96. Give b(-41).
27
Let u(z) = 478*z - 4769. Calculate u(10).
11
Let l(g) = -195*g + 243. Determine l(1).
48
Let i(z) = -z**2 - 66*z + 135. Determine i(0).
135
Let a(b) = 1246*b - 11195. Determine a(9).
19
Let r(i) = -i**3 - 6*i**2 + 212*i - 44. What is r(-18)?
28
Let c(w) = 4*w**2 + 9*w - 246. Give c(-9).
-3
Let g(x) = 316*x - 3224. Calculate g(10).
-64
Let j(k) = -k**3 + 104*k**2 + 15*k - 1541. Determine j(104).
19
Let m(f) = 10*f**2 - 18*f + 11. Give m(4).
99
Let w(r) = -r**3 + 58*r**2 - 51*r - 282. Determine w(57).
60
Let y(h) = -4*h**2 + 194*h + 390. Determine y(-2).
-14
Let m(x) = 73*x - 1697. Determine m(23).
-18
Let c(p) = 24*p**2 - 47*p - 96. Determine c(-3).
261
Let m(p) = -2*p**2 - 38*p + 37. Give m(-19).
37
Let l(i) = 17*i**2 - 35*i + 45. Determine l(9).
1107
Let h(p) = -2*p**2 + 45*p + 222. Determine h(27).
-21
Let j(f) = 11*f - 107. Determine j(16).
69
Let g(j) = 17*j - 1062. What is g(52)?
-178
Let w(k) = k**2 + 31*k + 110. Determine w(-27).
2
Let i(g) = 177*g - 1234. Give i(7).
5
Let g(m) = m**3 - m**2 - 32*m - 18. What is g(-5)?
-8
Let h(a) = 27*a**2 + 63*a + 24. What is h(-2)?
6
Let d(s) = 2*s**3 + 25*s**2 - 23*s - 99. Give d(-13).
31
Let p(y) = -6*y**3 + 39*y**2 - 21*y + 14. Give p(6).
-4
Let l(a) = -a**2 - 68*a - 336. Determine l(-43).
739
Let x(k) = 161*k + 871. Give x(-5).
66
Let b(r) = 9*r + 117. What is b(-14)?
-9
Let j(i) = 344*i - 1030. What is j(3)?
2
Let x(g) = -2*g**3 - 37*g**2 + 25*g - 25. What is x(-19)?
-139
Let a(w) = -w**3 + 40*w**2 + 165*w + 5110. Give a(46).
4
Let p(h) = -24*h - 14. Determine p(-1).
10
Let a(w) = 16*w - 227. Determine a(17).
45
Let u(w) = 11*w - 391. What is u(0)?
-391
Let h(x) = -29*x + 1460. Determine h(53).
-77
Let o(v) = -10*v + 391. Calculate o(39).
1
Let r(c) = c**2 + 9*c - 27. What is r(-5)?
-47
Let o(x) = -3*x**3 - 5*x**2 + 38*x + 7. Give o(3).
-5
Let v(q) = 16*q**2 - 391*q + 18. Give v(24).
-150
Let l(r) = -r**2 + 1035*r + 10404. Calculate l(-10).
-46
Let r(m) = 12*m + 209. Calculate r(-8).
113
Let r(q) = -64*q + 132. Calculate r(2).
4
Let g(y) = 49*y - 1076. Give g(22).
2
Let o(x) = 2*x**3 - 67*x**2 + 2*x - 25. Determine o(0).
-25
Let t(m) = -m**3 - 2*m**2 - 7*m + 14. Determine t(4).
-110
Let q(f) = 28*f - 7335. What is q(261)?
-27
Let q(l) = l**3 + 10*l**2 + 10*l - 3. Determine q(-10).
-103
Let k(u) = -6*u**3 - 51*u**2 - 25*u - 5. Determine k(-8).
3
Let n(u) = -11*u - 111. Calculate n(-11).
10
Let a(p) = -2*p**2 - 12*p - 25. Give a(0).
-25
Let z(b) = -2728*b - 2747. What is z(-1)?
-19
Let u(s) = -15*s - 41. Determine u(-8).
79
Let s(o) = 7*o**2 - 37*o + 27. What is s(1)?
-3
Let w(k) = -k**3 - 8*k**2 - 5*k - 47. Give w(-6).
-89
Let z(v) = v**3 + 11*v**2 + 24*v + 5. Determine z(-10).
-135
Let q(f) = 5*f**2 - 378*f + 6948. What is q(44)?
-4
Let i(f) = f**3 + 87*f**2 + 631*f - 164. Give i(-79).
-85
Let k(y) = 12632*y - 63138. Determine k(5).
22
Let v(c) = -218*c - 1072. What is v(-5)?
18
Let o(t) = 6*t - 17. What is o(13)?
61
Let u(l) = -10*l**2 - 4*l + 9. Give u(4).
-167
Let q(n) = 2*n**2 + n - 300. What is q(-19)?
403
Let x(v) = -28*v**2 - 3331*v + 34. Determine x(-119).
-85
Let w(z) = 23*z - 837. Give w(47).
244
Let d(n) = -n**2 + 47*n - 244. What is d(6)?
2
Let y(b) = 210*b - 7754. Calculate y(37).
16
Let h(r) = -r**3 + 152*r**2 + 939*r + 1428. Give h(158).
6
Let v(m) = -548*m + 1079. Give v(2).
-17
Let q(p) = -2*p**3 + 12*p**2 - 18*p - 23. Calculate q(7).
-247
Let d(c) = 2*c**3 + 95*c**2 - 55*c - 239. Give d(-48).
97
Let t(m) = -2*m**2 + 97*m + 2920. What is t(-21)?
1
Let u(i) = i - 59. Calculate u(2).
-57
Let u(t) = 85*t**3 + 4*t**2 - 26*t + 24. What is u(1)?
87
Let c(t) = 36*t + 1930. Calculate c(-57).
-122
Let d(y) = 500*y - 11982. What is d(24)?
18
Let i(n) = n**3 - 21*n**2 - 95*n - 122. Determine i(25).
3
Let z(f) = -f**2 + 256*f + 10. What is z(0)?
10
Let d(u) = 11*u + 144. Calculate d(8).
232
Let k(a) = -172*a - 6199. Determine k(-36).
-7
Let o(l) = 2*l**3 - 228*l**2 + 1500*l - 174. Give o(107).
40
Let r(n) = n**3 - 74*n**2 - 904*n + 71320. What is r(73)?
-1
Let r(n) = 155*n**3 - 3*n**2 + 13*n - 11. Give r(1).
154
Let s(v) = v**3 + 9*v**2 - 56*v - 32. Give s(-13).
20
Let b(o) = 69*o + 6151. Calculate b(-89).
10
Let b(v) = -143*v - 168. Give b(-1).
-25
Let v(h) = -h**2 + 66*h + 551. Determine v(-8).
-41
Let b(l) = -l**3 - 13*l**2 - 661*l - 7033. Calculate b(-11).
-4
Let k(t) = -t**3 + 18*t**2 - 38*t - 416. Determine k(12).
-8
Let k(n) = 52*n - 6387. What is k(123)?
9
Let j(i) = 7*i**3 + 47*i**2 - 21*i + 21. Give j(-7).
70
Let k(z) = -10*z**2 - 11*z + 7. Calculate k(-5).
-188
Let w(p) = p**3 + 66*p**2 + 66*p + 89. What is w(-65)?
24
Let n(p) = -90*p - 679. Calculate n(-4).
-319
Let a(z) = -59*z - 743. What is a(-12)?
-35
Let g(j) = -355*j - 4590. Give g(-13).
25
Let l(w) = -w**3 - 15*w**2 - 37*w - 17. What is l(-12)?
-5
Let a(u) = 3*u**2 + 47*u - 3304. Determine a(26).
-54
Let l(g) = -2*g**3 + 33*g - 9. Determine l(5).
-94
Let u(y) = 5*y**2 + 45*y - 217. Give u(-13).
43
Let w(p) = -8*p + 197. Determine w(24).
5
Let w(p) = -13*p - 460. Calculate w(-28).
-96
Let x(a) = -a**2 - 204*a - 399. Give x(-2).
5
Let k(f) = -873*f - 1761. Determine k(-2).
-15
Let g(a) = -29*a**2 + 10*a - 15. Calculate g(1).
-34
Let t(q) = 16*q - 327. Give t(21).
9
Let r(p) = 4*p**3 + 728*p**2 - p - 157. What is r(-182)?
25
Let r(n) = -34*n**2 + 1476*n - 581. Determine r(43).
21
Let t(i) = 11*i**2 - 57*i - 60. Calculate t(6).
-6
Let r(w) = 40*w + 47. Determine r(0).
47
Let x(c) = -2*c**3 + 9*c**2 - 10*c + 13. Determine x(6).
-155
Let c(j) = 868*j + 14754. What is c(-17)?
-2
Let v(n) = -3*n + 921. Give v(-37).
1032
Let u(a) = a**3 - 5*a**2 + 17*a - 11. Calculate u(7).
206
Let q(i) = -i**2 - 92*i - 1609. What is q(-70)?
-69
Let b(c) = -c**3 + 3*c**2 - 8*c - 9. Give b(5).
-99
Let y(z) = 17*z**2 + 174*z + 391. Calculate y(-7).
6
Let z(r) = -r**3 - 27*r**2 + 96*r - 43. What is z(-30)?
-223
Let d(h) = -541*h + 552. Calculate d(1).
11
Let i(u) = u**3 - 17*u**2 + 123*u - 344. Determine i(6).
-2
Let h(l) = -33*l**2 - 139*l - 10. What is h(-4)?
18
Let q(j) = j**3 + 106*j**2 - j - 73. Give q(-106).
33
Let d(r) = r**3 - 38*r**2 - 122*r + 3228. Calculate d(39).
-9
Let v(n) = -2*n**3 + 112*n - 389. Determine v(5).
-79
Let j(s) = 2*s**2 + 66*s + 201. Calculate j(-41).
857
Let y(t) = -24*t - 193. Calculate y(-11).
71
Let r(v) = 63*v - 208. Calculate r(4).
44
Let b(i) = -2*i**3 - 6*i**2 + 10*i - 9. What is b(6)?
-597
Let l(y) = -32*y + 2647. Determine l(89).
-201
Let n(d) = -d**2 + 8*d + 427. What is n(25)?
2
Let a(u) = u**2 + 134*u + 899. Give a(-7).
10
Let s(t) = t**3 - 80*t**2 + 151*t + 392. Calculate s(78).
2
Let w(p) = 3*p**2 - 96*p - 11. Calculate w(32).
-11
Let h(p) = p**3 + 61*p**2 + 55*p - 367. Calculate h(-60).
-67
Let v(u) = -78*u + 3349. Determine v(